{"id":410,"date":"2020-05-01T09:09:46","date_gmt":"2020-05-01T07:09:46","guid":{"rendered":"http:\/\/pim-mig.info\/?page_id=410"},"modified":"2026-01-26T21:11:08","modified_gmt":"2026-01-26T20:11:08","slug":"ayudas-y-servicios-sociales","status":"publish","type":"page","link":"https:\/\/pim-mig.info\/index.php\/ayudas-y-servicios-sociales\/","title":{"rendered":"Informaci\u00f3n b\u00e1sica"},"content":{"rendered":"\n<p>Si acabas de llegar, puedes acudir a <strong>pedir informaci\u00f3n<\/strong> al <strong>PIM- MIG<\/strong> los lunes de 18:00 a 19:00 horas, en Plazara, C\/Mayor, 31 en Iru\u00f1a-Pamplona. Tambi\u00e9n te puedes poner en contacto con nosotras de esta manera:<\/p>\n\n\n\n<p class=\"has-text-align-center\"><strong>correo electr\u00f3nico: pim.irunea@gmail.com<\/strong><\/p>\n\n\n\n<p class=\"has-text-align-center\"><strong>Whatsapp: 681 971 464<\/strong><\/p>\n\n\n\n<p>Tambi\u00e9n puedes visitar los martes por la ma\u00f1ana, de 9:00 a 11:00 horas, <strong>Apoyo Mutuo \u2013 Elkarri Laguntza<\/strong>, en Avda. Marcelo Celayeta, 60 en Pamplona.<\/p>\n\n\n\n<p>Puedes pedir cita previa en el <a rel=\"noreferrer noopener\" href=\"https:\/\/www.navarra.es\/es\/tramites\/on\/-\/line\/servicio-de-orientacion-e-informacion-basica-en-materia-de-migraciones\" target=\"_blank\"><strong>Servicio de Orientaci\u00f3n e Informaci\u00f3n B\u00e1sica en materia de migraciones<\/strong><\/a> de lunes a viernes de 9:30 a 17:00 horas en el tel\u00e9fono 848 420 972&nbsp;o&nbsp;678 508 243 para Pamplona (Avenida Roncesvalles 4) o 848 433 661 o 678 508 286 para Tudela (calle Estanca sn, bajo).<\/p>\n\n\n\n<p><strong>SI QUIERES QUEDARTE A VIVIR EN NAVARRA <\/strong><\/p>\n\n\n\n<p><strong>Si no conoces el idioma <\/strong>lo primero es <strong><a rel=\"noreferrer noopener\" href=\"https:\/\/pim-mig.info\/index.php\/educacion\/\" target=\"_blank\">aprender castellano<\/a>. <\/strong><\/p>\n\n\n\n<p><strong>Para ser vecina o vecino navarro<\/strong>, necesitas estar <strong><a rel=\"noreferrer noopener\" href=\"https:\/\/pim-mig.info\/index.php\/empadronamiento\/\" target=\"_blank\">empadronado<\/a>.<\/strong> <\/p>\n\n\n\n<p><strong>Para tener acceso al sistema de salud<\/strong>, puedes pedir cita para solicitar la <strong><a rel=\"noreferrer noopener\" href=\"https:\/\/pim-mig.info\/index.php\/salud\/\" target=\"_blank\">Tarjeta Individual Sanitaria (TIS)<\/a><\/strong> en el centro de salud m\u00e1s cercano del lugar donde vives<strong>.<\/strong><\/p>\n\n\n\n<p>Si est\u00e1s en situaci\u00f3n administrativa irregular no puedes trabajar pero, una vez tengas conocimientos de castellano, puedes acceder a <a rel=\"noreferrer noopener\" href=\"https:\/\/pim-mig.info\/index.php\/empleo\/\" target=\"_blank\"><strong>formaci\u00f3n<\/strong><\/a>, que te puede ayudar a conseguir el <strong><a rel=\"noreferrer noopener\" href=\"https:\/\/pim-mig.info\/index.php\/extranjeria-y-asilo\/\" target=\"_blank\">arraigo.<\/a><\/strong><\/p>\n\n\n\n<h2 class=\"wp-block-heading\"><span class=\"has-inline-color has-accent-color\"><strong>SISTEMA P\u00daBLICO DE SERVICIOS SOCIALE<\/strong>S<\/span><\/h2>\n\n\n\n<p>Conjunto de prestaciones econ\u00f3micas, materiales y t\u00e9cnicas as\u00ed como de programas y equipos t\u00e9cnicos (grupos de profesionales que asesoran y gestionan las prestaciones). Los Servicios P\u00fablicos los ofrecen los ayuntamientos individual o mancomunadamente.<\/p>\n\n\n\n<p><strong>DESTINATARIAS: <\/strong>Personas empadronadas en municipios de Navarra as\u00ed como no empadronadas que se encuentren en Navarra en una situaci\u00f3n de urgencia personal e indigencia, familiar o social, incluidas personas exiliadas, refugiadas y apatridas.&nbsp;<\/p>\n\n\n\n<p><a rel=\"noreferrer noopener\" href=\"http:\/\/www.navarra.es\/home_es\/Temas\/Asuntos+sociales\/Servicios+sociales+de+base\/Buscador\/\" target=\"_blank\"><strong>SERVICIOS SOCIALES DE BASE<\/strong><\/a><strong>: <\/strong>son la puerta de acceso al Sistema P\u00fablico de Servicios Sociales.<\/p>\n\n\n\n<p><strong>Departamento de Derechos Sociales:<\/strong><a rel=\"noreferrer noopener\" href=\"https:\/\/www.navarra.es\/es\/tramites\/on\/-\/line\/Atencion-online-de-asuntos-sociales?back=true&amp;pageBackId=5722676\" data-type=\"URL\" data-id=\"https:\/\/www.navarra.es\/es\/tramites\/on\/-\/line\/Atencion-online-de-asuntos-sociales?back=true&amp;pageBackId=5722676\" target=\"_blank\"> Atenci\u00f3n on line<\/a>. Atenci\u00f3n telef\u00f3nica: 848 426 900 y 902 165 170<\/p>\n\n\n\n<h2 class=\"wp-block-heading\"><span class=\"has-inline-color has-accent-color\">AYUDAS ECON\u00d3MICAS<\/span><\/h2>\n\n\n\n<p><strong>Renta Garantizada:<\/strong> es una prestaci\u00f3n econ\u00f3mica peri\u00f3dica destinada a las personas que no tienen cubiertas sus necesidades b\u00e1sicas. <a rel=\"noreferrer noopener\" href=\"https:\/\/www.navarra.es\/es\/derechos-sociales\/pobreza-e-inclusion\/renta-garantizada\" data-type=\"URL\" data-id=\"https:\/\/www.navarra.es\/es\/derechos-sociales\/pobreza-e-inclusion\/renta-garantizada\" target=\"_blank\">M\u00e1s informaci\u00f3n<\/a>.<\/p>\n\n\n\n<p><strong>Ayudas de emergencia para personas en situaci\u00f3n de exclusi\u00f3n social:<\/strong> son ayudas econ\u00f3micas de percepci\u00f3n \u00fanica para hacer frente a gastos extraordinarios o situaciones de emergencia, que, de no cubrirse, generar\u00edan riesgo de marginaci\u00f3n social.  <a rel=\"noreferrer noopener\" href=\"https:\/\/www.navarra.es\/es\/tramites\/on\/-\/line\/Ayudas-extraordinarias-de-emergencia-para-personas-en-situacion-de-exclusion-social?back=true&amp;pageBackId=5722676\" target=\"_blank\">M\u00e1s informaci\u00f3n<\/a>.<\/p>\n\n\n\n<p><strong>Prestaciones municipales de emergencia social<\/strong>: son ayudas econ\u00f3micas de car\u00e1cter puntual y subsidiario, no peri\u00f3dico, ante situaciones de emergencia social imprevistas, orientadas a cubrir necesidades b\u00e1sicas de subsistencia no resueltas desde otras prestaciones o servicios. Pueden ser complementarias a otras ayudas percibidas.<\/p>\n\n\n\n<p><strong>Ayudas para familias monomarentales:<\/strong> son ayudas espec\u00edficas para familias monomarentales. <a rel=\"noreferrer noopener\" href=\"https:\/\/www.navarra.es\/es\/tramites\/buscador\/-\/buscartramite\/sort\/mas_nuevo\/facet\/364790\/rpp\/10\/page\/1\/q\/monoparental\" data-type=\"URL\" data-id=\"https:\/\/www.navarra.es\/es\/tramites\/buscador\/-\/buscartramite\/sort\/mas_nuevo\/facet\/364790\/rpp\/10\/page\/1\/q\/monoparental\" target=\"_blank\">M\u00e1s informaci\u00f3n<\/a>.<\/p>\n\n\n\n<p><strong><a rel=\"noreferrer noopener\" href=\"https:\/\/www.navarra.es\/es\/derechos-sociales\/pobreza-e-inclusion\/otros-derechos\" data-type=\"URL\" data-id=\"https:\/\/www.navarra.es\/es\/derechos-sociales\/pobreza-e-inclusion\/otros-derechos\" target=\"_blank\">Otras Tarifas Sociales para las personas en situaci\u00f3n de pobreza o exclusi\u00f3n social:<\/a><\/strong> <a rel=\"noreferrer noopener\" href=\"https:\/\/www.bonosocial.gob.es\/\" data-type=\"URL\" data-id=\"https:\/\/www.bonosocial.gob.es\/\" target=\"_blank\">Bono social de electricidad<\/a>, Transporte urbano comarcal (<a rel=\"noreferrer noopener\" href=\"http:\/\/www.mcp.es\/transporte\/tarjeta-para-personas-en-situacion-de-exclusion-social\" target=\"_blank\">Mancomunidad de la Comarca de Pamplona<\/a>) y (<a rel=\"noreferrer noopener\" href=\"http:\/\/www.tudela.es\/tu-ciudad\/transporte\" target=\"_blank\">Ayuntamiento de Tudela<\/a>), Tarifa social de suministro de agua (<a rel=\"noreferrer noopener\" href=\"https:\/\/sedeelectronica.mcp.es\/content\/bonificaciones-en-la-tarifa-del-agua-yo-residuos-0\" data-type=\"URL\" data-id=\"https:\/\/sedeelectronica.mcp.es\/content\/bonificaciones-en-la-tarifa-del-agua-yo-residuos-0\" target=\"_blank\">Mancomunidad de la Comarca de Pamplona<\/a>).<\/p>\n\n\n\n<p><strong><strong><em>El contenido de esta p\u00e1gina tiene car\u00e1cter meramente informativo. Te agradecemos si nos comunicas cualquier error o carencia en la informaci\u00f3n.<\/em><\/strong><\/strong><\/p>\n","protected":false},"excerpt":{"rendered":"<p>Si acabas de llegar, puedes acudir a pedir informaci\u00f3n al PIM- MIG los lunes de 18:00 a 19:00 horas, en Plazara, C\/Mayor, 31 en Iru\u00f1a-Pamplona. Tambi\u00e9n te puedes poner en contacto con nosotras de esta manera: correo electr\u00f3nico: pim.irunea@gmail.com Whatsapp: 681 971 464 Tambi\u00e9n puedes visitar los martes por la ma\u00f1ana, de 9:00 a 11:00 [&hellip;]<\/p>\n","protected":false},"author":1,"featured_media":276,"parent":0,"menu_order":0,"comment_status":"closed","ping_status":"closed","template":"templates\/template-cover.php","meta":{"footnotes":""},"class_list":["post-410","page","type-page","status-publish","has-post-thumbnail","hentry"],"jetpack_sharing_enabled":true,"_links":{"self":[{"href":"https:\/\/pim-mig.info\/index.php\/wp-json\/wp\/v2\/pages\/410","targetHints":{"allow":["GET"]}}],"collection":[{"href":"https:\/\/pim-mig.info\/index.php\/wp-json\/wp\/v2\/pages"}],"about":[{"href":"https:\/\/pim-mig.info\/index.php\/wp-json\/wp\/v2\/types\/page"}],"author":[{"embeddable":true,"href":"https:\/\/pim-mig.info\/index.php\/wp-json\/wp\/v2\/users\/1"}],"replies":[{"embeddable":true,"href":"https:\/\/pim-mig.info\/index.php\/wp-json\/wp\/v2\/comments?post=410"}],"version-history":[{"count":43,"href":"https:\/\/pim-mig.info\/index.php\/wp-json\/wp\/v2\/pages\/410\/revisions"}],"predecessor-version":[{"id":2808,"href":"https:\/\/pim-mig.info\/index.php\/wp-json\/wp\/v2\/pages\/410\/revisions\/2808"}],"wp:featuredmedia":[{"embeddable":true,"href":"https:\/\/pim-mig.info\/index.php\/wp-json\/wp\/v2\/media\/276"}],"wp:attachment":[{"href":"https:\/\/pim-mig.info\/index.php\/wp-json\/wp\/v2\/media?parent=410"}],"curies":[{"name":"wp","href":"https:\/\/api.w.org\/{rel}","templated":true}]}}

Información básica

<p>Si acabas de llegar, puedes acudir a <strong>pedir información</strong> al <strong>PIM- MIG</strong> los lunes de 18:00 a 19:00 horas, en Plazara, C/Mayor, 31 en Iruña-Pamplona. También te puedes poner en contacto con nosotras de esta manera:</p>



<p class="has-text-align-center"><strong>correo electrónico: pim.irunea@gmail.com</strong></p>



<p class="has-text-align-center"><strong>Whatsapp: 681 971 464</strong></p>



<p>También puedes visitar los martes por la mañana, de 9:00 a 11:00 horas, <strong>Apoyo Mutuo – Elkarri Laguntza</strong>, en Avda. Marcelo Celayeta, 60 en Pamplona.</p>



<p>Puedes pedir cita previa en el <a rel="noreferrer noopener" href="https://www.navarra.es/es/tramites/on/-/line/servicio-de-orientacion-e-informacion-basica-en-materia-de-migraciones" target="_blank"><strong>Servicio de Orientación e Información Básica en materia de migraciones</strong></a> de lunes a viernes de 9:30 a 17:00 horas en el teléfono 848 420 972&nbsp;o&nbsp;678 508 243 para Pamplona (Avenida Roncesvalles 4) o 848 433 661 o 678 508 286 para Tudela (calle Estanca sn, bajo).</p>



<p><strong>SI QUIERES QUEDARTE A VIVIR EN NAVARRA </strong></p>



<p><strong>Si no conoces el idioma </strong>lo primero es <strong><a rel="noreferrer noopener" href="https://pim-mig.info/index.php/educacion/" target="_blank">aprender castellano</a>. </strong></p>



<p><strong>Para ser vecina o vecino navarro</strong>, necesitas estar <strong><a rel="noreferrer noopener" href="https://pim-mig.info/index.php/empadronamiento/" target="_blank">empadronado</a>.</strong> </p>



<p><strong>Para tener acceso al sistema de salud</strong>, puedes pedir cita para solicitar la <strong><a rel="noreferrer noopener" href="https://pim-mig.info/index.php/salud/" target="_blank">Tarjeta Individual Sanitaria (TIS)</a></strong> en el centro de salud más cercano del lugar donde vives<strong>.</strong></p>



<p>Si estás en situación administrativa irregular no puedes trabajar pero, una vez tengas conocimientos de castellano, puedes acceder a <a rel="noreferrer noopener" href="https://pim-mig.info/index.php/empleo/" target="_blank"><strong>formación</strong></a>, que te puede ayudar a conseguir el <strong><a rel="noreferrer noopener" href="https://pim-mig.info/index.php/extranjeria-y-asilo/" target="_blank">arraigo.</a></strong></p>



<h2 class="wp-block-heading"><span class="has-inline-color has-accent-color"><strong>SISTEMA PÚBLICO DE SERVICIOS SOCIALE</strong>S</span></h2>



<p>Conjunto de prestaciones económicas, materiales y técnicas así como de programas y equipos técnicos (grupos de profesionales que asesoran y gestionan las prestaciones). Los Servicios Públicos los ofrecen los ayuntamientos individual o mancomunadamente.</p>



<p><strong>DESTINATARIAS: </strong>Personas empadronadas en municipios de Navarra así como no empadronadas que se encuentren en Navarra en una situación de urgencia personal e indigencia, familiar o social, incluidas personas exiliadas, refugiadas y apatridas.&nbsp;</p>



<p><a rel="noreferrer noopener" href="http://www.navarra.es/home_es/Temas/Asuntos+sociales/Servicios+sociales+de+base/Buscador/" target="_blank"><strong>SERVICIOS SOCIALES DE BASE</strong></a><strong>: </strong>son la puerta de acceso al Sistema Público de Servicios Sociales.</p>



<p><strong>Departamento de Derechos Sociales:</strong><a rel="noreferrer noopener" href="https://www.navarra.es/es/tramites/on/-/line/Atencion-online-de-asuntos-sociales?back=true&amp;pageBackId=5722676" data-type="URL" data-id="https://www.navarra.es/es/tramites/on/-/line/Atencion-online-de-asuntos-sociales?back=true&amp;pageBackId=5722676" target="_blank"> Atención on line</a>. Atención telefónica: 848 426 900 y 902 165 170</p>



<h2 class="wp-block-heading"><span class="has-inline-color has-accent-color">AYUDAS ECONÓMICAS</span></h2>



<p><strong>Renta Garantizada:</strong> es una prestación económica periódica destinada a las personas que no tienen cubiertas sus necesidades básicas. <a rel="noreferrer noopener" href="https://www.navarra.es/es/derechos-sociales/pobreza-e-inclusion/renta-garantizada" data-type="URL" data-id="https://www.navarra.es/es/derechos-sociales/pobreza-e-inclusion/renta-garantizada" target="_blank">Más información</a>.</p>



<p><strong>Ayudas de emergencia para personas en situación de exclusión social:</strong> son ayudas económicas de percepción única para hacer frente a gastos extraordinarios o situaciones de emergencia, que, de no cubrirse, generarían riesgo de marginación social.  <a rel="noreferrer noopener" href="https://www.navarra.es/es/tramites/on/-/line/Ayudas-extraordinarias-de-emergencia-para-personas-en-situacion-de-exclusion-social?back=true&amp;pageBackId=5722676" target="_blank">Más información</a>.</p>



<p><strong>Prestaciones municipales de emergencia social</strong>: son ayudas económicas de carácter puntual y subsidiario, no periódico, ante situaciones de emergencia social imprevistas, orientadas a cubrir necesidades básicas de subsistencia no resueltas desde otras prestaciones o servicios. Pueden ser complementarias a otras ayudas percibidas.</p>



<p><strong>Ayudas para familias monomarentales:</strong> son ayudas específicas para familias monomarentales. <a rel="noreferrer noopener" href="https://www.navarra.es/es/tramites/buscador/-/buscartramite/sort/mas_nuevo/facet/364790/rpp/10/page/1/q/monoparental" data-type="URL" data-id="https://www.navarra.es/es/tramites/buscador/-/buscartramite/sort/mas_nuevo/facet/364790/rpp/10/page/1/q/monoparental" target="_blank">Más información</a>.</p>



<p><strong><a rel="noreferrer noopener" href="https://www.navarra.es/es/derechos-sociales/pobreza-e-inclusion/otros-derechos" data-type="URL" data-id="https://www.navarra.es/es/derechos-sociales/pobreza-e-inclusion/otros-derechos" target="_blank">Otras Tarifas Sociales para las personas en situación de pobreza o exclusión social:</a></strong> <a rel="noreferrer noopener" href="https://www.bonosocial.gob.es/" data-type="URL" data-id="https://www.bonosocial.gob.es/" target="_blank">Bono social de electricidad</a>, Transporte urbano comarcal (<a rel="noreferrer noopener" href="http://www.mcp.es/transporte/tarjeta-para-personas-en-situacion-de-exclusion-social" target="_blank">Mancomunidad de la Comarca de Pamplona</a>) y (<a rel="noreferrer noopener" href="http://www.tudela.es/tu-ciudad/transporte" target="_blank">Ayuntamiento de Tudela</a>), Tarifa social de suministro de agua (<a rel="noreferrer noopener" href="https://sedeelectronica.mcp.es/content/bonificaciones-en-la-tarifa-del-agua-yo-residuos-0" data-type="URL" data-id="https://sedeelectronica.mcp.es/content/bonificaciones-en-la-tarifa-del-agua-yo-residuos-0" target="_blank">Mancomunidad de la Comarca de Pamplona</a>).</p>



<p><strong><strong><em>El contenido de esta página tiene carácter meramente informativo. Te agradecemos si nos comunicas cualquier error o carencia en la información.</em></strong></strong></p>

<p>Si acabas de llegar, puedes acudir a pedir información al PIM- MIG los lunes de 18:00 a 19:00 horas, en Plazara, C/Mayor, 31 en Iruña-Pamplona. También te puedes poner en contacto con nosotras de esta manera: correo electrónico: pim.irunea@gmail.com Whatsapp: 681 971 464 También puedes visitar los martes por la mañana, de 9:00 a 11:00 [&hellip;]</p>
