{"id":3126,"date":"2026-02-15T11:29:38","date_gmt":"2026-02-15T10:29:38","guid":{"rendered":"https:\/\/pim-mig.info\/?page_id=3126"},"modified":"2026-02-15T11:31:29","modified_gmt":"2026-02-15T10:31:29","slug":"apprendre-lespagnol-castillan-2","status":"publish","type":"page","link":"https:\/\/pim-mig.info\/index.php\/fr\/apprendre-lespagnol-castillan-2\/","title":{"rendered":"Apprendre l\u2019espagnol (castillan)"},"content":{"rendered":"\n<p>Si vous ne parlez pas la langue, il est essentiel de vous inscrire \u00e0 des cours pour apprendre l\u2019espagnol. Ma\u00eetriser la langue vous aidera \u00e0 rencontrer des personnes avec qui interagir et vous ouvrira les portes de la formation, un \u00e9l\u00e9ment cl\u00e9 pour l\u2019int\u00e9gration, surtout si vous \u00eates en situation irr\u00e9guli\u00e8re. <strong>Ne pas conna\u00eetre la langue complique encore davantage les d\u00e9marches administratives.<\/strong><\/p>\n\n\n\n<h4 class=\"wp-block-heading\"><strong><span class=\"has-inline-color has-accent-color\">O\u00d9 \u00c9TUDIER L\u2019ESPAGNOL<\/span><\/strong><\/h4>\n\n\n\n<p><strong>RESSOURCES PUBLIQUES<\/strong><\/p>\n\n\n\n<ul class=\"wp-block-list\">\n<li>Pampelune : Centre Public d\u2019\u00c9ducation de Base pour Adultes (CPEBPA) <a href=\"https:\/\/cepajmiribarren.educacion.navarra.es\/web\/castellano\/\" target=\"_blank\" rel=\"noreferrer noopener\">Jos\u00e9 Mar\u00eda Iribarren<\/a>. Les nouvelles inscriptions auront lieu du mardi 2 au lundi 8 septembre, de 09h30 \u00e0 13h00, et du lundi au jeudi de 16h30 \u00e0 19h00.<\/li>\n\n\n\n<li>\u2060<a href=\"https:\/\/cebatude.web.educacion.navarra.es\/oferta-educativa#oferta-educativa\" target=\"_blank\" rel=\"noreferrer noopener\">Tudela<\/a>.<\/li>\n\n\n\n<li>\u2060<a href=\"https:\/\/cebaestella.educacion.navarra.es\/web\/espanol-lengua-extranjera\/\" target=\"_blank\" rel=\"noreferrer noopener\">Estella<\/a>.<\/li>\n<\/ul>\n\n\n\n<p><strong>\u2060AUTRES ORGANISMES \u00c0 PAMPELUNE<\/strong><\/p>\n\n\n\n<ul class=\"wp-block-list\">\n<li>B\u00e9n\u00e9volat coordonn\u00e9 par le <a href=\"https:\/\/pim-mig.info\/\" target=\"_blank\" rel=\"noreferrer noopener\">Point d\u2019Information pour les personnes migrantes \/ Pertsona Migratuendako Informazio Gunea<\/a>.<br>Adresse : Plazara, C\/Mayor, 31 \u00e0 Iru\u00f1a-Pampelune<br>Horaires : lundi de 18h00 \u00e0 19h00<br>WhatsApp : 681 97 14 64<\/li>\n\n\n\n<li><a href=\"https:\/\/www.itakaescolapios.org\/que-hacemos\/centros-socio-educativos\/ikaskide-pamplona\/\" target=\"_blank\" rel=\"noreferrer noopener\">Ikaskide Itaka Escolapios<\/a><br>Adresse : C\/ Mayor, 70 \u2013 1er \u00e9tage, 31001 Iru\u00f1a-Pampelune<br>Horaires : mardi et jeudi de 11h00 \u00e0 12h30, vendredi de 18h00 \u00e0 19h30<br>Prendre rendez-vous au 948 227 611 ou 948 203 891<br>Email : <a href=\"mailto:ikaskide@itakaescolapios.org\" target=\"_blank\" rel=\"noreferrer noopener\">ikaskide@itakaescolapios.org<\/a>\u2060<\/li>\n\n\n\n<li><a href=\"https:\/\/a-irati.org\/\" target=\"_blank\" rel=\"noreferrer noopener\">IRATI<\/a><\/li>\n\n\n\n<li><a href=\"https:\/\/lantxotegi.org\/educacion-no-formal\/programa-de-acogida-de-jovenes-migrantes-ahlan-bek\/\" target=\"_blank\" rel=\"noreferrer noopener\">Ahlan Bek Lantxotegi<\/a><br>Contact : 948 079 274<br>Email : <a href=\"mailto:acogida@lantxotegi.org\" target=\"_blank\" rel=\"noreferrer noopener\">acogida@lantxotegi.org<\/a><br>Inscriptions : du mardi 26 au jeudi 29 ao\u00fbt, de 9h00 \u00e0 14h00<br>Adresse : Calle R\u00edo Ega, 25 \u00e0 <a href=\"https:\/\/maps.app.goo.gl\/KA1cCbhxKx2U9FQL6\" target=\"_blank\" rel=\"noreferrer noopener\">cet endroit<\/a>.<\/li>\n<\/ul>\n\n\n\n<p>\u2060<strong>AUTRES BONNES RAISONS D\u2019APPRENDRE L\u2019ESPAGNOL<\/strong><\/p>\n\n\n\n<ul class=\"wp-block-list\">\n<li><strong>Si vous avez un dipl\u00f4me universitaire, vous devez prouver un niveau B2 en espagnol pour le faire reconna\u00eetre<\/strong>. Voir la section \u00ab Homologation des dipl\u00f4mes \u00bb dans le volet <a href=\"https:\/\/pim-mig.info\/index.php\/empleo\/\" target=\"_blank\" rel=\"noreferrer noopener\">formation<\/a>.<\/li>\n\n\n\n<li><strong>Passer un test d&#8217;espagnol de niveau A2 (<\/strong><a href=\"https:\/\/examenes.cervantes.es\/es\/dele\/que-es\" target=\"_blank\" rel=\"noreferrer noopener\">DELE niveau A2<\/a><strong>) est l\u2019une des conditions pour obtenir la nationalit\u00e9 espagnole<\/strong>. Ce test, ainsi qu\u2019un autre sur les connaissances constitutionnelles et socioculturelles de l\u2019Espagne (<a href=\"https:\/\/examenes.cervantes.es\/es\/ccse\/que-es\" target=\"_blank\" rel=\"noreferrer noopener\">test CCSE<\/a>), sont \u00e9labor\u00e9s par l\u2019Institut Cervantes.<\/li>\n<\/ul>\n\n\n\n<p><em><strong>\u2060\u2060Le contenu de cette page est purement informatif. N\u2019h\u00e9sitez pas \u00e0 nous signaler toute erreur ou manque d\u2019information.<\/strong><\/em><\/p>\n\n\n\n<p><\/p>\n","protected":false},"excerpt":{"rendered":"<p>Si vous ne parlez pas la langue, il est essentiel de vous inscrire \u00e0 des cours pour apprendre l\u2019espagnol. Ma\u00eetriser la langue vous aidera \u00e0 rencontrer des personnes avec qui interagir et vous ouvrira les portes de la formation, un \u00e9l\u00e9ment cl\u00e9 pour l\u2019int\u00e9gration, surtout si vous \u00eates en situation irr\u00e9guli\u00e8re. Ne pas conna\u00eetre la [&hellip;]<\/p>\n","protected":false},"author":1,"featured_media":54,"parent":0,"menu_order":0,"comment_status":"closed","ping_status":"closed","template":"templates\/template-cover.php","meta":{"footnotes":""},"class_list":["post-3126","page","type-page","status-publish","has-post-thumbnail","hentry"],"jetpack_sharing_enabled":true,"_links":{"self":[{"href":"https:\/\/pim-mig.info\/index.php\/wp-json\/wp\/v2\/pages\/3126","targetHints":{"allow":["GET"]}}],"collection":[{"href":"https:\/\/pim-mig.info\/index.php\/wp-json\/wp\/v2\/pages"}],"about":[{"href":"https:\/\/pim-mig.info\/index.php\/wp-json\/wp\/v2\/types\/page"}],"author":[{"embeddable":true,"href":"https:\/\/pim-mig.info\/index.php\/wp-json\/wp\/v2\/users\/1"}],"replies":[{"embeddable":true,"href":"https:\/\/pim-mig.info\/index.php\/wp-json\/wp\/v2\/comments?post=3126"}],"version-history":[{"count":2,"href":"https:\/\/pim-mig.info\/index.php\/wp-json\/wp\/v2\/pages\/3126\/revisions"}],"predecessor-version":[{"id":3130,"href":"https:\/\/pim-mig.info\/index.php\/wp-json\/wp\/v2\/pages\/3126\/revisions\/3130"}],"wp:featuredmedia":[{"embeddable":true,"href":"https:\/\/pim-mig.info\/index.php\/wp-json\/wp\/v2\/media\/54"}],"wp:attachment":[{"href":"https:\/\/pim-mig.info\/index.php\/wp-json\/wp\/v2\/media?parent=3126"}],"curies":[{"name":"wp","href":"https:\/\/api.w.org\/{rel}","templated":true}]}}

<p>Si vous ne parlez pas la langue, il est essentiel de vous inscrire à des cours pour apprendre l’espagnol. Maîtriser la langue vous aidera à rencontrer des personnes avec qui interagir et vous ouvrira les portes de la formation, un élément clé pour l’intégration, surtout si vous êtes en situation irrégulière. <strong>Ne pas connaître la langue complique encore davantage les démarches administratives.</strong></p>



<h4 class="wp-block-heading"><strong><span class="has-inline-color has-accent-color">OÙ ÉTUDIER L’ESPAGNOL</span></strong></h4>



<p><strong>RESSOURCES PUBLIQUES</strong></p>



<ul class="wp-block-list">
<li>Pampelune : Centre Public d’Éducation de Base pour Adultes (CPEBPA) <a href="https://cepajmiribarren.educacion.navarra.es/web/castellano/" target="_blank" rel="noreferrer noopener">José María Iribarren</a>. Les nouvelles inscriptions auront lieu du mardi 2 au lundi 8 septembre, de 09h30 à 13h00, et du lundi au jeudi de 16h30 à 19h00.</li>



<li>⁠<a href="https://cebatude.web.educacion.navarra.es/oferta-educativa#oferta-educativa" target="_blank" rel="noreferrer noopener">Tudela</a>.</li>



<li>⁠<a href="https://cebaestella.educacion.navarra.es/web/espanol-lengua-extranjera/" target="_blank" rel="noreferrer noopener">Estella</a>.</li>
</ul>



<p><strong>⁠AUTRES ORGANISMES À PAMPELUNE</strong></p>



<ul class="wp-block-list">
<li>Bénévolat coordonné par le <a href="https://pim-mig.info/" target="_blank" rel="noreferrer noopener">Point d’Information pour les personnes migrantes / Pertsona Migratuendako Informazio Gunea</a>.<br>Adresse : Plazara, C/Mayor, 31 à Iruña-Pampelune<br>Horaires : lundi de 18h00 à 19h00<br>WhatsApp : 681 97 14 64</li>



<li><a href="https://www.itakaescolapios.org/que-hacemos/centros-socio-educativos/ikaskide-pamplona/" target="_blank" rel="noreferrer noopener">Ikaskide Itaka Escolapios</a><br>Adresse : C/ Mayor, 70 – 1er étage, 31001 Iruña-Pampelune<br>Horaires : mardi et jeudi de 11h00 à 12h30, vendredi de 18h00 à 19h30<br>Prendre rendez-vous au 948 227 611 ou 948 203 891<br>Email : <a href="mailto:ikaskide@itakaescolapios.org" target="_blank" rel="noreferrer noopener">ikaskide@itakaescolapios.org</a>⁠</li>



<li><a href="https://a-irati.org/" target="_blank" rel="noreferrer noopener">IRATI</a></li>



<li><a href="https://lantxotegi.org/educacion-no-formal/programa-de-acogida-de-jovenes-migrantes-ahlan-bek/" target="_blank" rel="noreferrer noopener">Ahlan Bek Lantxotegi</a><br>Contact : 948 079 274<br>Email : <a href="mailto:acogida@lantxotegi.org" target="_blank" rel="noreferrer noopener">acogida@lantxotegi.org</a><br>Inscriptions : du mardi 26 au jeudi 29 août, de 9h00 à 14h00<br>Adresse : Calle Río Ega, 25 à <a href="https://maps.app.goo.gl/KA1cCbhxKx2U9FQL6" target="_blank" rel="noreferrer noopener">cet endroit</a>.</li>
</ul>



<p>⁠<strong>AUTRES BONNES RAISONS D’APPRENDRE L’ESPAGNOL</strong></p>



<ul class="wp-block-list">
<li><strong>Si vous avez un diplôme universitaire, vous devez prouver un niveau B2 en espagnol pour le faire reconnaître</strong>. Voir la section « Homologation des diplômes » dans le volet <a href="https://pim-mig.info/index.php/empleo/" target="_blank" rel="noreferrer noopener">formation</a>.</li>



<li><strong>Passer un test d&#8217;espagnol de niveau A2 (</strong><a href="https://examenes.cervantes.es/es/dele/que-es" target="_blank" rel="noreferrer noopener">DELE niveau A2</a><strong>) est l’une des conditions pour obtenir la nationalité espagnole</strong>. Ce test, ainsi qu’un autre sur les connaissances constitutionnelles et socioculturelles de l’Espagne (<a href="https://examenes.cervantes.es/es/ccse/que-es" target="_blank" rel="noreferrer noopener">test CCSE</a>), sont élaborés par l’Institut Cervantes.</li>
</ul>



<p><em><strong>⁠⁠Le contenu de cette page est purement informatif. N’hésitez pas à nous signaler toute erreur ou manque d’information.</strong></em></p>



<p></p>

<p>Si vous ne parlez pas la langue, il est essentiel de vous inscrire à des cours pour apprendre l’espagnol. Maîtriser la langue vous aidera à rencontrer des personnes avec qui interagir et vous ouvrira les portes de la formation, un élément clé pour l’intégration, surtout si vous êtes en situation irrégulière. Ne pas connaître la [&hellip;]</p>
