{"id":267,"date":"2020-04-13T21:11:23","date_gmt":"2020-04-13T19:11:23","guid":{"rendered":"http:\/\/pim-mig.info\/?page_id=267"},"modified":"2026-02-09T02:01:48","modified_gmt":"2026-02-09T01:01:48","slug":"empleo","status":"publish","type":"page","link":"https:\/\/pim-mig.info\/index.php\/empleo\/","title":{"rendered":"Formaci\u00f3n"},"content":{"rendered":"\n<h2 class=\"has-text-align-center wp-block-heading\"><strong><span class=\"has-inline-color has-accent-color\">Si est\u00e1s en una situaci\u00f3n administrativa irregular<\/span><\/strong><\/h2>\n\n\n\n<h3 class=\"wp-block-heading\">FORMACI\u00d3N REGLADA<\/h3>\n\n\n\n<p>Si bien en esta situaci\u00f3n no puedes trabajar legalmente,<strong> s\u00ed tienes derecho a hacer cursos de formaci\u00f3n<\/strong> encaminados a sacar un <strong><strong>Certificado de Profesionalidad<\/strong> (CP), <\/strong>empezando por el de nivel 1: CP1. Se ofrecen en diferentes lugares de Navarra. Obtener un <strong>Certificado de Profesionalidad <\/strong>acredita una cualificaci\u00f3n profesional con validez en todo el Estado. <\/p>\n\n\n\n<p>No es necesario tener NIE \u2013 TIE (Tarjeta de Identificaci\u00f3n de Extranjero); es suficiente con el <strong>pasaporte<\/strong>. Tampoco se exigen requisitos acad\u00e9micos ni profesionales, s\u00ed cierto nivel de <strong>castellano<\/strong> que permita el aprendizaje. <\/p>\n\n\n\n<p>Para la primera inscripci\u00f3n en un curso necesitas contar con tu Trabajadora Social o con el <a rel=\"noreferrer noopener\" href=\"https:\/\/www.navarra.es\/es\/tramites\/on\/-\/line\/servicio-de-orientacion-e-informacion-basica-en-materia-de-migraciones\" target=\"_blank\">Servicio de Orientaci\u00f3n e Informaci\u00f3n B\u00e1sica en materia de migraciones (SIOB)<\/a>, que al mismo tiempo que te inscribir\u00e1n te proporcionar\u00e1n un c\u00f3digo que deber\u00e1s utilizar en las posteriores pre-inscripciones. <\/p>\n\n\n\n<p>Tambi\u00e9n en el <strong>PIM-MIG<\/strong> o en <strong>Apoyo Mutuo<\/strong> pueden darte el c\u00f3digo e inscribirte la primera vez.<\/p>\n\n\n\n<p>Cuando tengas el c\u00f3digo podr\u00e1s buscar la formaci\u00f3n que te interese entrando en la <a rel=\"noreferrer noopener\" href=\"https:\/\/administracionelectronica.navarra.es\/EmpleoFormate.Internet\/Home\/Buscar\" target=\"_blank\">Oferta formativa del Servicio Navarro de Empleo<\/a> utilizando el filtro de lugar del curso (Pamplona, Altsasu\/Alsasua, Aoiz&#8230;), Certificado de Profesionalidad (S\u00ed), buscando el CP1 que te interese:<\/p>\n\n\n\n<figure class=\"wp-block-image size-large\"><img loading=\"lazy\" decoding=\"async\" width=\"1024\" height=\"676\" src=\"https:\/\/pim-mig.info\/wp-content\/uploads\/2025\/04\/imagen-1024x676.png\" alt=\"\" class=\"wp-image-2309\" srcset=\"https:\/\/pim-mig.info\/wp-content\/uploads\/2025\/04\/imagen-1024x676.png 1024w, https:\/\/pim-mig.info\/wp-content\/uploads\/2025\/04\/imagen-300x198.png 300w, https:\/\/pim-mig.info\/wp-content\/uploads\/2025\/04\/imagen-768x507.png 768w, https:\/\/pim-mig.info\/wp-content\/uploads\/2025\/04\/imagen.png 1174w\" sizes=\"auto, (max-width: 1024px) 100vw, 1024px\" \/><\/figure>\n\n\n\n<p>Participar en estos cursos te abre la puerta del arraigo por formaci\u00f3n si se dan el resto de requisitos (entre ellos probar tu permanencia en Espa\u00f1a durante los dos \u00faltimos a\u00f1os). Ver: <a rel=\"noreferrer noopener\" href=\"https:\/\/pim-mig.info\/index.php\/extranjeria-y-asilo\/\" target=\"_blank\">Arraigo y Asilo<\/a>.<\/p>\n\n\n\n<p><\/p>\n\n\n\n<h3 class=\"wp-block-heading\">OTRA FORMACI\u00d3N NO REGLADA<\/h3>\n\n\n\n<p><a rel=\"noreferrer noopener\" href=\"http:\/\/elkarte.org\/formacion\/cursos-servicio-navarro-de-empleo\/\" target=\"_blank\"><strong>Elkarte<\/strong><\/a> Imparte formaci\u00f3n en el \u00e1mbito de la soldadura, fabricaci\u00f3n mec\u00e1nica y fontaner\u00eda a colectivos de reinserci\u00f3n social -fundamentalmente orientado al colectivo migrante. Cita previa en tel\u00e9fonos 627 922 370 y 948 250 599.<\/p>\n\n\n\n<p><a rel=\"noreferrer noopener\" href=\"https:\/\/lantxotegi.org\/asociacion-lantxotegi-elkartea\/#\" target=\"_blank\"><strong>Lantxotegi<\/strong><\/a>. Trabajan con personas &#8211; en su mayor\u00eda j\u00f3venes &#8211; en riesgo de exclusi\u00f3n social, ofreciendo una alternativa socio-educativa  atractiva. El objetivo es favorecer una inclusi\u00f3n social saludable tanto a nivel individual como grupal. Tambi\u00e9n ofrecen dos Grados B\u00e1sicos de FP (Mantenimiento de viviendas y Agrojardiner\u00eda y Composiciones florales, y un CP de Actividades Auxiliares en Agricultura).<\/p>\n\n\n\n<h2 class=\"has-text-align-center wp-block-heading\"><span class=\"has-inline-color has-accent-color\"><strong>Si est\u00e1s en situaci\u00f3n administrativa regular<\/strong><\/span><\/h2>\n\n\n\n<p><strong>Escuelas Taller y Programas Integrados de Formaci\u00f3n y Empleo. <\/strong>Programas dirigidos a personas desempleadas- prioritariamente a quienes tienen m\u00e1s dificultades de inserci\u00f3n -dise\u00f1ados para incrementar las posibilidades de encontrar un trabajo.<\/p>\n\n\n\n<p><a rel=\"noreferrer noopener\" href=\"https:\/\/formacion.navarra.es\/es\/\" target=\"_blank\"><strong>Formaci\u00f3n que oferta en Navarra el Servicio Navarro de Empleo<\/strong><\/a>.&nbsp; <\/p>\n\n\n\n<p><a rel=\"noreferrer noopener\" href=\"https:\/\/www.educacion.navarra.es\/web\/dpto\/formacion-profesional-para-el-empleo\" target=\"_blank\"><strong>Formaci\u00f3n que oferta el Departamento de Educaci\u00f3n<\/strong><\/a>. Son formaciones de diferentes tipos y amplitud: formaciones de <strong>Certificado de Profesionalidad <\/strong>completo, <strong>M\u00f3dulos formativos<\/strong> y <strong>Unidades formativas<\/strong> (de menor duraci\u00f3n, que se adec\u00faan a las caracter\u00edsticas y necesidades de las persona que las cursan -desempleadas y trabajadoras y trabajadores ocupados).<\/p>\n\n\n\n<p>Si necesitas orientaci\u00f3n para definir tus objetivos profesionales, puedes solicitar <a rel=\"noreferrer noopener\" href=\"https:\/\/www.navarra.es\/es\/tramites\/on\/-\/line\/Cita-previa-empleo?pageBackId=6529020\" target=\"_blank\"><strong>cita previa<\/strong><\/a><a href=\"https:\/\/www.navarra.es\/es\/tramites\/on\/-\/line\/Cita-previa-empleo?pageBackId=6529020\" target=\"_blank\" rel=\"noreferrer noopener\"><strong>.<\/strong><\/a><\/p>\n\n\n\n<p><a rel=\"noreferrer noopener\" href=\"https:\/\/escuelastaller.pamplona.es\/\" target=\"_blank\"><strong>Talleres de empleo en Pamplona\/Iru\u00f1ea<\/strong><\/a><\/p>\n\n\n\n<p><strong>J\u00f3venes. Garant\u00eda Juvenil. <\/strong>Iniciativa europea para facilitar el acceso de j\u00f3venes al mercado de trabajo tras haber finalizado sus estudios o quedar en el desempleo.<a href=\"https:\/\/www.navarra.es\/es\/empleo\/garantia-juvenil\"> <\/a><a href=\"https:\/\/www.navarra.es\/es\/empleo\/garantia-juvenil\" target=\"_blank\" rel=\"noreferrer noopener\">Empleo juvenil<\/a><\/p>\n\n\n\n<p><strong>HOMOLOGACI\u00d3N DE ESTUDIOS<\/strong><\/p>\n\n\n\n<p>Ten presente que homologar tus estudios puede resultar largo y caro. Por eso, puede resultar m\u00e1s pr\u00e1ctico centrarte en la formaci\u00f3n que puede permitirte acceder al arraigo y esperar a estar en una situaci\u00f3n menos estresante para iniciar el proceso de homologaci\u00f3n de t\u00edtulos.<\/p>\n\n\n\n<p><strong><em>El contenido de esta p\u00e1gina tiene car\u00e1cter meramente informativo. Te agradecemos si nos comunicas cualquier error o carencia en la informaci\u00f3n.<\/em><\/strong><\/p>\n","protected":false},"excerpt":{"rendered":"<p>Si est\u00e1s en una situaci\u00f3n administrativa irregular FORMACI\u00d3N REGLADA Si bien en esta situaci\u00f3n no puedes trabajar legalmente, s\u00ed tienes derecho a hacer cursos de formaci\u00f3n encaminados a sacar un Certificado de Profesionalidad (CP), empezando por el de nivel 1: CP1. Se ofrecen en diferentes lugares de Navarra. Obtener un Certificado de Profesionalidad acredita una [&hellip;]<\/p>\n","protected":false},"author":1,"featured_media":2268,"parent":0,"menu_order":0,"comment_status":"closed","ping_status":"closed","template":"templates\/template-cover.php","meta":{"footnotes":""},"class_list":["post-267","page","type-page","status-publish","has-post-thumbnail","hentry"],"jetpack_sharing_enabled":true,"_links":{"self":[{"href":"https:\/\/pim-mig.info\/index.php\/wp-json\/wp\/v2\/pages\/267","targetHints":{"allow":["GET"]}}],"collection":[{"href":"https:\/\/pim-mig.info\/index.php\/wp-json\/wp\/v2\/pages"}],"about":[{"href":"https:\/\/pim-mig.info\/index.php\/wp-json\/wp\/v2\/types\/page"}],"author":[{"embeddable":true,"href":"https:\/\/pim-mig.info\/index.php\/wp-json\/wp\/v2\/users\/1"}],"replies":[{"embeddable":true,"href":"https:\/\/pim-mig.info\/index.php\/wp-json\/wp\/v2\/comments?post=267"}],"version-history":[{"count":73,"href":"https:\/\/pim-mig.info\/index.php\/wp-json\/wp\/v2\/pages\/267\/revisions"}],"predecessor-version":[{"id":2627,"href":"https:\/\/pim-mig.info\/index.php\/wp-json\/wp\/v2\/pages\/267\/revisions\/2627"}],"wp:featuredmedia":[{"embeddable":true,"href":"https:\/\/pim-mig.info\/index.php\/wp-json\/wp\/v2\/media\/2268"}],"wp:attachment":[{"href":"https:\/\/pim-mig.info\/index.php\/wp-json\/wp\/v2\/media?parent=267"}],"curies":[{"name":"wp","href":"https:\/\/api.w.org\/{rel}","templated":true}]}}

Formación

<h2 class="has-text-align-center wp-block-heading"><strong><span class="has-inline-color has-accent-color">Si estás en una situación administrativa irregular</span></strong></h2>



<h3 class="wp-block-heading">FORMACIÓN REGLADA</h3>



<p>Si bien en esta situación no puedes trabajar legalmente,<strong> sí tienes derecho a hacer cursos de formación</strong> encaminados a sacar un <strong><strong>Certificado de Profesionalidad</strong> (CP), </strong>empezando por el de nivel 1: CP1. Se ofrecen en diferentes lugares de Navarra. Obtener un <strong>Certificado de Profesionalidad </strong>acredita una cualificación profesional con validez en todo el Estado. </p>



<p>No es necesario tener NIE – TIE (Tarjeta de Identificación de Extranjero); es suficiente con el <strong>pasaporte</strong>. Tampoco se exigen requisitos académicos ni profesionales, sí cierto nivel de <strong>castellano</strong> que permita el aprendizaje. </p>



<p>Para la primera inscripción en un curso necesitas contar con tu Trabajadora Social o con el <a rel="noreferrer noopener" href="https://www.navarra.es/es/tramites/on/-/line/servicio-de-orientacion-e-informacion-basica-en-materia-de-migraciones" target="_blank">Servicio de Orientación e Información Básica en materia de migraciones (SIOB)</a>, que al mismo tiempo que te inscribirán te proporcionarán un código que deberás utilizar en las posteriores pre-inscripciones. </p>



<p>También en el <strong>PIM-MIG</strong> o en <strong>Apoyo Mutuo</strong> pueden darte el código e inscribirte la primera vez.</p>



<p>Cuando tengas el código podrás buscar la formación que te interese entrando en la <a rel="noreferrer noopener" href="https://administracionelectronica.navarra.es/EmpleoFormate.Internet/Home/Buscar" target="_blank">Oferta formativa del Servicio Navarro de Empleo</a> utilizando el filtro de lugar del curso (Pamplona, Altsasu/Alsasua, Aoiz&#8230;), Certificado de Profesionalidad (Sí), buscando el CP1 que te interese:</p>



<figure class="wp-block-image size-large"><img loading="lazy" decoding="async" width="1024" height="676" src="https://pim-mig.info/wp-content/uploads/2025/04/imagen-1024x676.png" alt="" class="wp-image-2309" srcset="https://pim-mig.info/wp-content/uploads/2025/04/imagen-1024x676.png 1024w, https://pim-mig.info/wp-content/uploads/2025/04/imagen-300x198.png 300w, https://pim-mig.info/wp-content/uploads/2025/04/imagen-768x507.png 768w, https://pim-mig.info/wp-content/uploads/2025/04/imagen.png 1174w" sizes="auto, (max-width: 1024px) 100vw, 1024px" /></figure>



<p>Participar en estos cursos te abre la puerta del arraigo por formación si se dan el resto de requisitos (entre ellos probar tu permanencia en España durante los dos últimos años). Ver: <a rel="noreferrer noopener" href="https://pim-mig.info/index.php/extranjeria-y-asilo/" target="_blank">Arraigo y Asilo</a>.</p>



<p></p>



<h3 class="wp-block-heading">OTRA FORMACIÓN NO REGLADA</h3>



<p><a rel="noreferrer noopener" href="http://elkarte.org/formacion/cursos-servicio-navarro-de-empleo/" target="_blank"><strong>Elkarte</strong></a> Imparte formación en el ámbito de la soldadura, fabricación mecánica y fontanería a colectivos de reinserción social -fundamentalmente orientado al colectivo migrante. Cita previa en teléfonos 627 922 370 y 948 250 599.</p>



<p><a rel="noreferrer noopener" href="https://lantxotegi.org/asociacion-lantxotegi-elkartea/#" target="_blank"><strong>Lantxotegi</strong></a>. Trabajan con personas &#8211; en su mayoría jóvenes &#8211; en riesgo de exclusión social, ofreciendo una alternativa socio-educativa  atractiva. El objetivo es favorecer una inclusión social saludable tanto a nivel individual como grupal. También ofrecen dos Grados Básicos de FP (Mantenimiento de viviendas y Agrojardinería y Composiciones florales, y un CP de Actividades Auxiliares en Agricultura).</p>



<h2 class="has-text-align-center wp-block-heading"><span class="has-inline-color has-accent-color"><strong>Si estás en situación administrativa regular</strong></span></h2>



<p><strong>Escuelas Taller y Programas Integrados de Formación y Empleo. </strong>Programas dirigidos a personas desempleadas- prioritariamente a quienes tienen más dificultades de inserción -diseñados para incrementar las posibilidades de encontrar un trabajo.</p>



<p><a rel="noreferrer noopener" href="https://formacion.navarra.es/es/" target="_blank"><strong>Formación que oferta en Navarra el Servicio Navarro de Empleo</strong></a>.&nbsp; </p>



<p><a rel="noreferrer noopener" href="https://www.educacion.navarra.es/web/dpto/formacion-profesional-para-el-empleo" target="_blank"><strong>Formación que oferta el Departamento de Educación</strong></a>. Son formaciones de diferentes tipos y amplitud: formaciones de <strong>Certificado de Profesionalidad </strong>completo, <strong>Módulos formativos</strong> y <strong>Unidades formativas</strong> (de menor duración, que se adecúan a las características y necesidades de las persona que las cursan -desempleadas y trabajadoras y trabajadores ocupados).</p>



<p>Si necesitas orientación para definir tus objetivos profesionales, puedes solicitar <a rel="noreferrer noopener" href="https://www.navarra.es/es/tramites/on/-/line/Cita-previa-empleo?pageBackId=6529020" target="_blank"><strong>cita previa</strong></a><a href="https://www.navarra.es/es/tramites/on/-/line/Cita-previa-empleo?pageBackId=6529020" target="_blank" rel="noreferrer noopener"><strong>.</strong></a></p>



<p><a rel="noreferrer noopener" href="https://escuelastaller.pamplona.es/" target="_blank"><strong>Talleres de empleo en Pamplona/Iruñea</strong></a></p>



<p><strong>Jóvenes. Garantía Juvenil. </strong>Iniciativa europea para facilitar el acceso de jóvenes al mercado de trabajo tras haber finalizado sus estudios o quedar en el desempleo.<a href="https://www.navarra.es/es/empleo/garantia-juvenil"> </a><a href="https://www.navarra.es/es/empleo/garantia-juvenil" target="_blank" rel="noreferrer noopener">Empleo juvenil</a></p>



<p><strong>HOMOLOGACIÓN DE ESTUDIOS</strong></p>



<p>Ten presente que homologar tus estudios puede resultar largo y caro. Por eso, puede resultar más práctico centrarte en la formación que puede permitirte acceder al arraigo y esperar a estar en una situación menos estresante para iniciar el proceso de homologación de títulos.</p>



<p><strong><em>El contenido de esta página tiene carácter meramente informativo. Te agradecemos si nos comunicas cualquier error o carencia en la información.</em></strong></p>

<p>Si estás en una situación administrativa irregular FORMACIÓN REGLADA Si bien en esta situación no puedes trabajar legalmente, sí tienes derecho a hacer cursos de formación encaminados a sacar un Certificado de Profesionalidad (CP), empezando por el de nivel 1: CP1. Se ofrecen en diferentes lugares de Navarra. Obtener un Certificado de Profesionalidad acredita una [&hellip;]</p>
