{"id":1541,"date":"2021-07-14T13:57:58","date_gmt":"2021-07-14T11:57:58","guid":{"rendered":"https:\/\/pim-mig.info\/?page_id=1541"},"modified":"2026-02-15T11:48:03","modified_gmt":"2026-02-15T10:48:03","slug":"hezkuntza","status":"publish","type":"page","link":"https:\/\/pim-mig.info\/index.php\/eu\/hezkuntza\/","title":{"rendered":"Gaztelania ikastea Euskara ikastea"},"content":{"rendered":"\n<p id=\"block-f7ff5446-081b-4c6f-91a8-f8dd080b6f1b\"><strong>GAZTELANIA ESKOLAK HELDUENTZAT. BALIABIDE PUBLIKOAK<\/strong><\/p>\n\n\n\n<p class=\"has-large-font-size\"><strong>Iru\u00f1a<\/strong>:<strong> <\/strong><\/p>\n\n\n\n<p><strong><a href=\"https:\/\/cepajmiribarren.educacion.navarra.es\/web\/castellano\/\">Jos\u00e9 Mar\u00eda Iribarren<\/a> <\/strong>Helduen Oinarrizko Hezkuntzako Ikastetxe Publikoa (CPEBPA). Izen-emate berriak irailaren 2tik 8ra izango dira, 09:30etatik 13:00etara eta astelehenetik ostegunera 16:30etatik 19:00etara.<\/p>\n\n\n\n<p class=\"has-large-font-size\"><strong><a href=\"https:\/\/cebatude.web.educacion.navarra.es\/oferta-educativa#oferta-educativa\" target=\"_blank\" rel=\"noreferrer noopener\">Tudela<\/a><\/strong><strong>.<\/strong><\/p>\n\n\n\n<p class=\"has-large-font-size\"><strong><a href=\"https:\/\/cebaestella.educacion.navarra.es\/web\/espanol-lengua-extranjera\/\" target=\"_blank\" rel=\"noreferrer noopener\">Estella<\/a><\/strong><strong>.<\/strong><\/p>\n\n\n\n<p><strong>BESTE RAKUNDE BATZUK <\/strong><strong>ERAKUNDEAK <\/strong><strong>IRU\u00d1EAN<\/strong><\/p>\n\n\n\n<p>Gaztelania eskolak, <a href=\"https:\/\/pim-mig.info\/index.php\/eu\/pertsona-migratuendako-informazio-gunea-2\/\">Pertsona Migratuendako Informazio Gunea<\/a>k koordinatutako borondatezko irakasleak Kontaktua: Whatsapp: 681 97 14 64. Plazara (kale Nagusia 31, 1. solairua, astelehenetan 18:00etatik 19:00etara.<\/p>\n\n\n\n<p><br><a href=\"https:\/\/www.itakaescolapios.org\/eu\/que-hacemos\/centros-socio-educativos\/ikaskide-pamplona\/\">Ikaskide. Itaka Eskolapioak<\/a>. Kale Nagusia, 70, 1. 31001 Iru\u00f1ea. Harrera ordutegia: astearte eta ostegunetan 11:00etatik 12:30era, ostiraletan 18:00etatik 19:30era. Hitzordua eskatu 948 227 611 eta 948 203 891 Kontaktua:&nbsp; &nbsp;<a href=\"mailto:ikaskide@itakaescolapios.org\">ikaskide@itakaescolapios.org<\/a><\/p>\n\n\n\n<p><a href=\"https:\/\/a-irati.org\/\" target=\"_blank\" rel=\"noreferrer noopener\">IRATI<\/a>.<\/p>\n\n\n\n<p><a href=\"https:\/\/lantxotegi.org\/educacion-no-formal\/programa-de-acogida-de-jovenes-migrantes-ahlan-bek\/\">Ahlan Bek Lantxotegi<\/a>. Kontaktua: harrera@lantxotegi.org<\/p>\n\n\n\n<p>Telefonoa: 948 079 274.<\/p>\n\n\n\n<p>Izen ematea: abuztuaren 26tik 29ra (goizeko 9:00etatik 14:00etara) <a href=\"http:\/\/google.com\/maps\/place\/AHLAN+BEK+(LANTXOTEGI)\/@42.802847,-1.6472331,17z\/data=!3m1!4b1!4m6!3m5!1s0xd509385d08819d9:0x60b215e81bd8d085!8m2!3d42.802847!4d-1.6472331!16s%2Fg%2F11wfq_w1p9?entry=tts&amp;g_ep=EgoyMDI1MDYyMy4yIPu8ASoASAFQAw%3D%3D&amp;skid=8e6df1d3-b490-433b-bd0f-f85f87d51faa\">Ega Ibaia kaleko 25. zenbakian<\/a>.<\/p>\n\n\n\n<p><strong>GAZTELANIA IKASTEKO ARRAZOI ON BATZUK<\/strong><\/p>\n\n\n\n<p>Lizentziatura baduzu, hizkuntzaren B2 maila egiaztatu behar duzu homologatu ahal izateko. Ikusi tituluen homologazioa <a href=\"https:\/\/pim-mig.info\/index.php\/eu\/enplegua-eta-prestakuntza-2\/\">prestakuntza<\/a>ren atalean.<\/p>\n\n\n\n<p>Espainiako nazionalitatea lortzeko baldintzetako bat da gaztelaniako gutxieneko A2 mailako proba gainditzea (<a href=\"https:\/\/examenes.cervantes.es\/es\/dele\/que-es\">DELE A2 maila<\/a>). Cervantes Institutuak egiten du proba hori, bai eta Espainiako ezagutza konstituzional eta soziokulturalei buruzko beste proba bat ere (<a href=\"https:\/\/examenes.cervantes.es\/es\/ccse\/que-es\">CCSE proba<\/a>).<\/p>\n\n\n\n<p style=\"font-size:60px\"><strong>EUSKARA IKASTEA<\/strong><\/p>\n\n\n\n<p>Euskara ere Nafarroako hizkuntza propioa da, biztanleriaren zati bat mintzatzen dena, eta berreskuratu nahi duguna gure kulturaren aberastasun nagusia baita. <\/p>\n\n\n\n<p><a href=\"http:\/\/euskaltegi.educacion.navarra.es\/web\/\" target=\"_blank\" rel=\"noreferrer noopener\">Zubiarte. Euskaltegi Publikoa<\/a><\/p>\n\n\n\n<p><a href=\"http:\/\/aek.eus\/index.php\/eu\/\" target=\"_blank\" rel=\"noreferrer noopener\">AEK<\/a><\/p>\n\n\n\n<p><a rel=\"noreferrer noopener\" href=\"http:\/\/www.ikaeuskaltegiak.eus\/\" target=\"_blank\">IKA Euskaltegiak<\/a> (IkaCampion Euskaltegiak  (Comedias kalea, 14) 2025-2026 ikasturtean pertsona migratuendako euskara ikastaroa jarri du martxan.<\/p>\n\n\n\n<p><a href=\"https:\/\/www.educacion.navarra.es\/eu\/web\/dpto\/idiomas-plurilinguismo\/escuelas-oficiales\">Hizkuntza-eskola ofizialak<\/a><\/p>\n\n\n\n<p id=\"block-f7ff5446-081b-4c6f-91a8-f8dd080b6f1b\"><em><strong><em><strong>Orri honen edukia informatzeko baino ez da. Akatsen bat edo gabeziaren bat aurkitzen baduzue, eskertzen dugu jakinaraztea.<\/strong><\/em><\/strong><\/em><\/p>\n","protected":false},"excerpt":{"rendered":"<p>GAZTELANIA ESKOLAK HELDUENTZAT. BALIABIDE PUBLIKOAK Iru\u00f1a: Jos\u00e9 Mar\u00eda Iribarren Helduen Oinarrizko Hezkuntzako Ikastetxe Publikoa (CPEBPA). Izen-emate berriak irailaren 2tik 8ra izango dira, 09:30etatik 13:00etara eta astelehenetik ostegunera 16:30etatik 19:00etara. Tudela. Estella. BESTE RAKUNDE BATZUK ERAKUNDEAK IRU\u00d1EAN Gaztelania eskolak, Pertsona Migratuendako Informazio Guneak koordinatutako borondatezko irakasleak Kontaktua: Whatsapp: 681 97 14 64. Plazara (kale Nagusia 31, [&hellip;]<\/p>\n","protected":false},"author":2,"featured_media":54,"parent":0,"menu_order":0,"comment_status":"closed","ping_status":"closed","template":"templates\/template-cover.php","meta":{"footnotes":""},"class_list":["post-1541","page","type-page","status-publish","has-post-thumbnail","hentry"],"jetpack_sharing_enabled":true,"_links":{"self":[{"href":"https:\/\/pim-mig.info\/index.php\/wp-json\/wp\/v2\/pages\/1541","targetHints":{"allow":["GET"]}}],"collection":[{"href":"https:\/\/pim-mig.info\/index.php\/wp-json\/wp\/v2\/pages"}],"about":[{"href":"https:\/\/pim-mig.info\/index.php\/wp-json\/wp\/v2\/types\/page"}],"author":[{"embeddable":true,"href":"https:\/\/pim-mig.info\/index.php\/wp-json\/wp\/v2\/users\/2"}],"replies":[{"embeddable":true,"href":"https:\/\/pim-mig.info\/index.php\/wp-json\/wp\/v2\/comments?post=1541"}],"version-history":[{"count":3,"href":"https:\/\/pim-mig.info\/index.php\/wp-json\/wp\/v2\/pages\/1541\/revisions"}],"predecessor-version":[{"id":3136,"href":"https:\/\/pim-mig.info\/index.php\/wp-json\/wp\/v2\/pages\/1541\/revisions\/3136"}],"wp:featuredmedia":[{"embeddable":true,"href":"https:\/\/pim-mig.info\/index.php\/wp-json\/wp\/v2\/media\/54"}],"wp:attachment":[{"href":"https:\/\/pim-mig.info\/index.php\/wp-json\/wp\/v2\/media?parent=1541"}],"curies":[{"name":"wp","href":"https:\/\/api.w.org\/{rel}","templated":true}]}}