{"id":1187,"date":"2021-10-04T10:18:30","date_gmt":"2021-10-04T08:18:30","guid":{"rendered":"https:\/\/pim-mig.info\/?page_id=1187"},"modified":"2026-01-21T22:11:44","modified_gmt":"2026-01-21T21:11:44","slug":"informations-de-base","status":"publish","type":"page","link":"https:\/\/pim-mig.info\/index.php\/fr\/informations-de-base\/","title":{"rendered":"Informations de base"},"content":{"rendered":"\n<p>Si vous venez d\u2019arriver, <strong>vous pouvez vous rendre<\/strong> au <strong>PIM-MIG<\/strong> pour demander des informations le lundi \u00e0 18h00, a Plazara, C\/ Mayor, 31 \u00e0 Pampelune. Vous pouvez nous contacter de la mani\u00e8re suivante:<\/p>\n\n\n\n<p><strong>Correo electr\u00f3nico:<\/strong> <a href=\"mailto:pim.irunea@gmail.com\" target=\"_blank\" rel=\"noreferrer noopener\">pim.irunea@gmail.com<\/a><\/p>\n\n\n\n<p><strong>WhatsApp: 681 971 464<\/strong><\/p>\n\n\n\n<p>Vous pouvez \u00e9galement visiter <strong>Apoyo Mutuo \u2013 Elkarri Laguntza<\/strong> le mardi matin de 9h00 \u00e0 11h00, \u00e0 l\u2019adresse suivante: Avda. Marcelo Celayeta, 60 \u00e0 Pampelune.<\/p>\n\n\n\n<p>Vous pouvez prendre rendez-vous avec le <a href=\"https:\/\/www.navarra.es\/es\/tramites\/on\/-\/line\/servicio-de-orientacion-e-informacion-basica-en-materia-de-migraciones\" target=\"_blank\" rel=\"noreferrer noopener\">Service d\u2019Orientation et d\u2019Information de base sur les migrations<\/a>, du lundi au vendredi de 9h30 \u00e0 17h00:<\/p>\n\n\n\n<ul class=\"wp-block-list\">\n<li>Pour Pampelune: <strong>848 420 972<\/strong> ou <strong>678 508 243<\/strong> (Avenida Roncesvalles 4)<\/li>\n\n\n\n<li>Pour Tudela: <strong>848 433 661<\/strong> ou <strong>678 508 286<\/strong> (Calle Estanca s\/n, rez-de-chauss\u00e9e)<\/li>\n<\/ul>\n\n\n\n<p><strong>SI VOUS SOUHAITEZ VIVRE EN NAVARRE<\/strong><\/p>\n\n\n\n<ul class=\"wp-block-list\">\n<li><strong>Si vous ne parlez pas la langue<\/strong>, la premi\u00e8re \u00e9tape est <a href=\"http:\/\/pim-mig.info\/index.php\/fr\/education\/\" target=\"_blank\" rel=\"noreferrer noopener\">d\u2019apprendre l\u2019espagnol<\/a>.<\/li>\n\n\n\n<li><strong>Pour devenir r\u00e9sident ou r\u00e9sidente navarrais<\/strong>, <a href=\"https:\/\/pim-mig.info\/index.php\/fr\/registre-de-population\/\" target=\"_blank\" rel=\"noreferrer noopener\">vous devez \u00eatre inscrit au registre municipal<\/a> (empadronamiento).<\/li>\n\n\n\n<li><strong>Pour acc\u00e9der au syst\u00e8me de sant\u00e9<\/strong>, vous pouvez prendre rendez-vous pour demander la <a href=\"https:\/\/pim-mig.info\/index.php\/fr\/sante\/\" target=\"_blank\" rel=\"noreferrer noopener\">Carte Individuelle Sanitaire (TIS)<\/a> au centre de sant\u00e9 le plus proche de votre domicile.<\/li>\n\n\n\n<li>Si vous \u00eates en situation administrative irr\u00e9guli\u00e8re, vous ne pouvez pas travailler, mais une fois que vous ma\u00eetrisez l\u2019espagnol, vous pouvez acc\u00e9der \u00e0 des <a href=\"https:\/\/pim-mig.info\/index.php\/fr\/emploi\/\" target=\"_blank\" rel=\"noreferrer noopener\">formations<\/a> qui peuvent vous aider \u00e0 obtenir un <a href=\"https:\/\/pim-mig.info\/index.php\/fr\/demande-dasile\/\" target=\"_blank\" rel=\"noreferrer noopener\">ancrage social<\/a>.<\/li>\n<\/ul>\n\n\n\n<h4 class=\"wp-block-heading\"><strong><mark style=\"background-color:rgba(0, 0, 0, 0)\" class=\"has-inline-color has-accent-color\">SYST\u00c8ME PUBLIC DE SERVICES SOCIAUX<\/mark><\/strong><\/h4>\n\n\n\n<p>Ensemble de prestations \u00e9conomiques, mat\u00e9rielles et techniques, ainsi que de programmes et d\u2019\u00e9quipes professionnelles qui conseillent et g\u00e8rent ces prestations. Les services publics sont propos\u00e9s par les municipalit\u00e9s, individuellement ou en coop\u00e9ration.<\/p>\n\n\n\n<p><strong>B\u00c9N\u00c9FICIAIRES:<\/strong><br>Personnes inscrites dans les communes de Navarre, ainsi que les personnes non inscrites qui se trouvent en Navarre dans une situation d\u2019urgence personnelle, de pr\u00e9carit\u00e9 familiale ou sociale, y compris les personnes exil\u00e9es, r\u00e9fugi\u00e9es et apatrides.<\/p>\n\n\n\n<p><strong><a href=\"http:\/\/www.navarra.es\/home_es\/Temas\/Asuntos+sociales\/Servicios+sociales+de+base\/Buscador\/\" target=\"_blank\" rel=\"noreferrer noopener\">Services sociaux de base<\/a>:<\/strong><br>Ce sont les portes d\u2019entr\u00e9e au syst\u00e8me public de services sociaux.<\/p>\n\n\n\n<p><strong>D\u00e9partement des Droits Sociaux:<\/strong><\/p>\n\n\n\n<ul class=\"wp-block-list\">\n<li><a href=\"https:\/\/www.navarra.es\/es\/tramites\/on\/-\/line\/Atencion-online-de-asuntos-sociales?back=true&amp;pageBackId=5722676\" target=\"_blank\" rel=\"noreferrer noopener\">Service en ligne<\/a><\/li>\n\n\n\n<li>T\u00e9l\u00e9phone: <strong>848 426 900<\/strong> et <strong>902 165 170<\/strong><\/li>\n<\/ul>\n\n\n\n<h4 class=\"wp-block-heading\"><strong><mark style=\"background-color:rgba(0, 0, 0, 0)\" class=\"has-inline-color has-accent-color\">AIDES \u00c9CONOMIQUES<\/mark><\/strong><\/h4>\n\n\n\n<ul class=\"wp-block-list\">\n<li><strong>Revenu Garanti<\/strong>: prestation \u00e9conomique p\u00e9riodique destin\u00e9e aux personnes dont les besoins fondamentaux ne sont pas couverts. <a href=\"https:\/\/www.navarra.es\/es\/derechos-sociales\/pobreza-e-inclusion\/renta-garantizada\" target=\"_blank\" rel=\"noreferrer noopener\">Plus d&#8217;informations<\/a>.<\/li>\n\n\n\n<li><strong>Aides d\u2019urgence pour personnes en situation d\u2019exclusion sociale<\/strong> : aides uniques pour faire face \u00e0 des d\u00e9penses extraordinaires ou des situations d\u2019urgence qui, si elles ne sont pas couvertes, pourraient entra\u00eener un risque de marginalisation sociale. <a href=\"https:\/\/www.navarra.es\/es\/tramites\/on\/-\/line\/Ayudas-extraordinarias-de-emergencia-para-personas-en-situacion-de-exclusion-social?back=true&amp;pageBackId=5722676\" target=\"_blank\" rel=\"noreferrer noopener\">Plus d&#8217;informations<\/a>.<\/li>\n\n\n\n<li><strong>Prestations municipales d\u2019urgence sociale<\/strong>: aides ponctuelles et subsidiaires, non p\u00e9riodiques, pour des situations impr\u00e9vues, visant \u00e0 couvrir des besoins fondamentaux non pris en charge par d\u2019autres services. Elles peuvent compl\u00e9ter d\u2019autres aides.<\/li>\n\n\n\n<li><strong>Aides pour les familles monoparentales<\/strong>: aides sp\u00e9cifiques pour les familles dirig\u00e9es par une seule m\u00e8re. <a href=\"https:\/\/www.navarra.es\/es\/tramites\/buscador\/-\/buscartramite\/sort\/mas_nuevo\/facet\/364790\/rpp\/10\/page\/1\/q\/monoparental\" target=\"_blank\" rel=\"noreferrer noopener\">Plus d&#8217;informations<\/a>.<\/li>\n\n\n\n<li><strong><a href=\"https:\/\/www.navarra.es\/es\/derechos-sociales\/pobreza-e-inclusion\/otros-derechos\" target=\"_blank\" rel=\"noreferrer noopener\">Autres tarifs sociaux pour les personnes en situation de pauvret\u00e9 ou d\u2019exclusion sociale<\/a><\/strong>:<\/li>\n\n\n\n<li><a href=\"https:\/\/www.bonosocial.gob.es\/\" target=\"_blank\" rel=\"noreferrer noopener\">Tarif social de l\u2019\u00e9lectricit\u00e9<\/a>.<\/li>\n\n\n\n<li>Transport urbain r\u00e9gional (<a href=\"http:\/\/www.mcp.es\/transporte\/tarjeta-para-personas-en-situacion-de-exclusion-social\" target=\"_blank\" rel=\"noreferrer noopener\">Mancomunidad de la Comarca de Pamplona<\/a> et <a href=\"http:\/\/www.tudela.es\/tu-ciudad\/transporte\" target=\"_blank\" rel=\"noreferrer noopener\">Mairie de Tudela<\/a>).<\/li>\n\n\n\n<li>Tarif social de l\u2019eau (<a href=\"https:\/\/sedeelectronica.mcp.es\/content\/bonificaciones-en-la-tarifa-del-agua-yo-residuos-0\" target=\"_blank\" rel=\"noreferrer noopener\">Mancomunidad de la Comarca de Pamplona<\/a>).<\/li>\n<\/ul>\n\n\n\n<p><em><strong>Le contenu de cette page est \u00e0 titre informatif uniquement.&nbsp;Nous vous remercions si vous nous communiquez une erreur ou un manque d&#8217;informations.<\/strong><\/em><\/p>\n","protected":false},"excerpt":{"rendered":"<p>Si vous venez d\u2019arriver, vous pouvez vous rendre au PIM-MIG pour demander des informations le lundi \u00e0 18h00, a Plazara, C\/ Mayor, 31 \u00e0 Pampelune. Vous pouvez nous contacter de la mani\u00e8re suivante: Correo electr\u00f3nico: pim.irunea@gmail.com WhatsApp: 681 971 464 Vous pouvez \u00e9galement visiter Apoyo Mutuo \u2013 Elkarri Laguntza le mardi matin de 9h00 \u00e0 [&hellip;]<\/p>\n","protected":false},"author":2,"featured_media":276,"parent":0,"menu_order":0,"comment_status":"closed","ping_status":"closed","template":"templates\/template-cover.php","meta":{"footnotes":""},"class_list":["post-1187","page","type-page","status-publish","has-post-thumbnail","hentry"],"jetpack_sharing_enabled":true,"_links":{"self":[{"href":"https:\/\/pim-mig.info\/index.php\/wp-json\/wp\/v2\/pages\/1187","targetHints":{"allow":["GET"]}}],"collection":[{"href":"https:\/\/pim-mig.info\/index.php\/wp-json\/wp\/v2\/pages"}],"about":[{"href":"https:\/\/pim-mig.info\/index.php\/wp-json\/wp\/v2\/types\/page"}],"author":[{"embeddable":true,"href":"https:\/\/pim-mig.info\/index.php\/wp-json\/wp\/v2\/users\/2"}],"replies":[{"embeddable":true,"href":"https:\/\/pim-mig.info\/index.php\/wp-json\/wp\/v2\/comments?post=1187"}],"version-history":[{"count":9,"href":"https:\/\/pim-mig.info\/index.php\/wp-json\/wp\/v2\/pages\/1187\/revisions"}],"predecessor-version":[{"id":2864,"href":"https:\/\/pim-mig.info\/index.php\/wp-json\/wp\/v2\/pages\/1187\/revisions\/2864"}],"wp:featuredmedia":[{"embeddable":true,"href":"https:\/\/pim-mig.info\/index.php\/wp-json\/wp\/v2\/media\/276"}],"wp:attachment":[{"href":"https:\/\/pim-mig.info\/index.php\/wp-json\/wp\/v2\/media?parent=1187"}],"curies":[{"name":"wp","href":"https:\/\/api.w.org\/{rel}","templated":true}]}}